5
-121001224
12203020200 (base 4) to base 3
10020012222000
What is 1111111110111110000 (base 2) in base 10?
523760
-502869 (base 10) to base 3
-221112210210
13174d (base 16) to base 9
2316225
eaeb (base 16) to base 9
101441
What is -23320113 (base 7) in base 16?
-1f5c93
2489b83 (base 12) to base 15
963999
-68a921 (base 11) to base 15
-16a456
Convert -1434214 (base 9) to base 15.
-1092e1
89410 (base 16) to base 11
354424
Convert 12121121221 (base 3) to base 2.
11010111111001000
Convert 22110002000000 (base 3) to base 4.
101013333132
Convert -430001421 (base 5) to base 7.
-21163251
Convert -13a4a9 (base 12) to base 14.
-87c9b
What is -2210001102022 (base 3) in base 12?
-5b2a8b
What is -30546 (base 13) in base 10?
-86586
What is 533436 (base 13) in base 10?
1949460
What is 5361613 (base 7) in base 16?
9f997
What is 4231033 (base 6) in base 10?
206301
Convert -4464116 (base 7) to base 5.
-120204124
Convert -1250c8 (base 13) to base 6.
-13231004
Convert 49c91 (base 13) to base 15.
2a528
11205512 (base 7) to base 4
3232132013
228140 (base 12) to base 9
1032703
135462 (base 11) to base 10
212181
What is -111011001000011011000101 (base 2) in base 5?
-12432012442
ea3b (base 15) to base 10
49556
Convert 14625 (base 13) to base 6.
453430
698c5b (base 13) to base 7
30200466
What is -36673 (base 8) in base 6?
-201055
-3bb29 (base 14) to base 4
-210002221
What is 100000000111010010 (base 2) in base 16?
201d2
Convert 16204 (base 12) to base 10.
31396
77560c (base 13) to base 5
1204422424
-6637553 (base 8) to base 12
-72148b
What is -53410 (base 16) in base 13?
-bc2a5
31135266 (base 7) to base 15
369869
-5600c9 (base 13) to base 8
-7570734
What is b6609c (base 14) in base 6?
340033054
What is 2000100021202 (base 3) in base 10?
1069652
-753146 (base 12) to base 10
-1850886
What is 5a1652 (base 15) in base 2?
10000011011101111010111
111012121222 (base 3) to base 12
106552
Convert -65246 (base 13) to base 10.
-182747
-253965 (base 12) to base 9
-1125785
Convert -19d780 (base 15) to base 2.
-100110011110000011010
What is -120220111102 (base 3) in base 9?
-526442
What is 701106 (base 9) in base 7?
3343314
Convert -71298 (base 12) to base 9.
-244028
What is -278744 (base 10) in base 15?
-578ce
100046516 (base 7) to base 13
12734a2
What is -1100001111111001000011 (base 2) in base 15?
-436549
What is 4010d9 (base 14) in base 7?
24211362
102300133201 (base 4) to base 6
253220521
-111021112122200 (base 3) to base 8
-32727455
What is -7d793 (base 16) in base 4?
-1331132103
What is -13401 (base 16) in base 13?
-29b74
What is -806461 (base 9) in base 10?
-477145
Convert 1703505 (base 9) to base 11.
597866
Convert 44233100 (base 7) to base 12.
1336b1b
-1000101111010101101011 (base 2) to base 13
-622a69
What is -541335 (base 6) in base 14?
-12283
Convert -143410111 (base 7) to base 6.
-535120154
What is -83089 (base 10) in base 9?
-135871
Convert 48bb98 (base 12) to base 2.
100100000100011100100
Convert 3943202 (base 10) to base 6.
220303322
What is -1c9219 (base 13) in base 15?
-e77dd
What is -8844845 (base 10) in base 4?
-201233120231
Convert -80406 (base 10) to base 14.
-21434
What is 15019 (base 16) in base 11?
5970a
Convert 82bc4 (base 13) to base 5.
30004101
Convert -446717 (base 9) to base 14.
-6d63b
Convert 2321030302 (base 4) to base 2.
10111001001100110010
Convert -990297 (base 12) to base 4.
-21100122103
What is -6807c (base 16) in base 10?
-426108
What is 102222010002121 (base 3) in base 7?
105025612
2552352 (base 6) to base 5
13423434
What is -1102100001 (base 3) in base 16?
-6d2a
Convert -55d2c5 (base 14) to base 12.
-b883b9
12012111121201 (base 3) to base 11
1619885
What is -23658 (base 13) in base 12?
-31600
What is -1111010001001010010000 (base 2) in base 15?
-540d9d
What is -5630be (base 16) in base 8?
-25430276
Convert -10101111111001101000110 (base 2) to base 14.
-aa079c
-69350 (base 11) to base 14
-28763
What is -2b9aa8 (base 12) in base 5?
-142233010
2331a7 (base 11) to base 12
15a328
c217 (base 16) to base 4
30020113
What is 11323203331 (base 4) in base 9?
2828557
What is 1238b (base 14) in base 9?
67172
What is 1012310 (base 4) in base 7?
16133
Convert -1a5565 (base 11) to base 4.
-1030312220
Convert 322322 (base 6) to base 5.
1321344
86955 (base 10) to base 9
142246
-95674 (base 10) to base 8
-272672
-1004958 (base 14) to base 15
-9deb89
What is -3d7947 (base 14) in base 10?
-2133915
What is 36d505 (base 16) in base 11?
2034918
Convert -24225666 (base 7) to base 13.
-5a741c
-37c88 (base 15) to base 3
-100001121202
-20462301 (base 7) to base 12
-6b4a96
Convert -3639512 (base 10) to base 14.
-6aa4d2
-2646613 (base 10) to base 16
-286255
-75701 (base 13) to base 9
-352842
What is 1100001110001010011 (base 2) in base 8?
1416123
244244012 (base 5) to base 10
1165507
Convert -1001101111010101 (base 2) to base 3.
-2000201112
Convert -8211a (base 12) to base 6.
-3344434
-3200211000 (base 4) to base 12
-384400
What is 343420304 (base 5) in base 14?
2c310b
What is 5132454 (base 6) in base 16?
3bf32
What is -4194c (base 13) in base 7?
-1001046
Convert -136931 (base 11) to base 7.
-1551102
21130110232 (base 4) to base 13
6888a6
Convert 4e300 (base 16) to base 14.
849d6
3271b8 (base 13) to base 7
13041524
What is -2113033002 (base 4) in base 8?
-2271702
276253 (base 12) to base 11
407013
What is 12021002220 (base 3) in base 9?
167086
Convert -216de8 (base 16) to base 5.
-1030101244
What is 7aa79 (base 11) in base 5?
12221333
Convert 1100320311 (base 4) to base 10.
331317
-1113023113 (base 5) to base 15
-33be8d
1379836 (base 10) to base 13
394093
What is 2021120210122 (base 3) in base 2?
100100111111100010110
-1100736 (base 10) to base 13
-2c7030
What is 51465744 (base 8) in base 13?
234b40c
2188894 (base 11) to base 3
21012201220201
1b301a (base 14) to base 9
1735664
8097b7 (base 12) to base 14
3a3787
What is 2320354 (base 7) in base 8?
1067623
What is 1122211121211 (base 3) in base 13?
24b920
11110022220210 (base 3) to base 12
962779
What is 32016 (base 10) in base 15?
9746
Convert 371283 (base 9) to base 7.
1622115
What is 3344023410 (base 5) in base 14?
dab9b6
Convert -81160 (base 10) to base 11.
-55a82
662142 (base 9) to base 2
1100000011111100101
What is -110002201022 (base 3) in base 12?
-b59bb
Convert -1141879 (base 10) to base 5.
-243020004
-801986 (base 10) to base 9
-1452105
Convert 1553710 (base 8) to base 12.
197634
What is -a61b8 (base 12) in base 2?
-110101001110011100
-4a71f (base 16) to base 4
-1022130133
11102302 (base 4) to base 15
6657
Convert -aa03c (base 16) to base 5.
-134241010
What is 39361 (base 10) in base 11?
27633
What is -2150451 (base 7) in base 15?
-534cc
1239209 (base 14) to base 9
17408544
What is 9cb5 (base 13) in base 16?
55bd
Convert 3011203 (base 5) to base 10.
47678
Convert 4c07a (base 14) to base 10.
186700
What is 32303232013 (base 4) in base 8?
16635607
Convert 21705 (base 12) to base 14.
12181
What is -35464555 (base 7) in base 11?
-1856834
What is 1431102 (base 5) in base 3?
1112100202
Convert 216704 (base 10) to base 3.
102000021002
What is -1000001001110110 (base 2) in base 15?
-9d68
Convert -1010100001000110 (base 2) to base 3.
-2012002111
Convert -157106 (base 9) to base 3.
-11221010020
What is -8551117 (base 10) in base 16?
-827acd
Convert -10101111100111001011101 (base 2) to base 10.
-5754461
What is -14320227 (base 8) in base 6?
-153413143
-2555e6 (base 16) to base 10
-2446822
What is 147188 (base 11) in base 7?
1643034
612a80 (base 11) to base 2
11110000011101001011
11100001010101010011 (base 2) to base 12
386157
What is -1223341002 (base 5) in base 7?
-34033063
-123040330 (base 6) to base 10
-2384766
What is 17ad8 (base 16) in base 4?
113223120
What is 11012301000 (base 4) in base 6?
44404240
Convert -1568a40 (base 11) to base 10.
-2676564
-115355436 (base 7) to base 2
-11011100111110011111001
Convert -231bb1 (base 13) to base 7.
-10035011
What is 103131110311 (base 4) in base 3?
100121011001111
-200301220 (base 4) to base 5
-13243443
Convert -14624 (base 15) to base 14.
-19c33
What is 52342303 (base 6) in base 15?
200e9c
What is e30a8 (base 15) in base 10?
719033
What is 1220210000121 (base 3) in base 10?
1019158
Convert 213444513 (base 6) to base 13.
a38192
Convert -1405140 (base 7) to base 6.
-4000113
1